9860?
9
What is the units digit of 1930906?
6
What is the tens digit of 3297338?
3
What is the hundred thousands digit of 1263428?
2
What is the ten thousands digit of 2478467?
7
What is the hundred thousands digit of 8416767?
4
What is the millions digit of 10046995?
0
What is the ten thousands digit of 294159?
9
What is the hundreds digit of 2320046?
0
What is the tens digit of 8362904?
0
What is the hundred thousands digit of 36757362?
7
What is the units digit of 2144581?
1
What is the units digit of 2471749?
9
What is the tens digit of 22040751?
5
What is the hundreds digit of 1371586?
5
What is the hundred thousands digit of 594300?
5
What is the units digit of 1245877?
7
What is the tens digit of 9828?
2
What is the ten thousands digit of 457399?
5
What is the units digit of 1202289?
9
What is the tens digit of 13287962?
6
What is the thousands digit of 250206?
0
What is the units digit of 15924453?
3
What is the thousands digit of 215144?
5
What is the units digit of 97567?
7
What is the thousands digit of 249504?
9
What is the thousands digit of 237034?
7
What is the millions digit of 3777934?
3
What is the units digit of 883734?
4
What is the ten thousands digit of 1421043?
2
What is the ten thousands digit of 112493?
1
What is the millions digit of 8148107?
8
What is the hundreds digit of 332697?
6
What is the thousands digit of 332182?
2
What is the hundreds digit of 82038?
0
What is the ten thousands digit of 25868334?
6
What is the hundred thousands digit of 1150467?
1
What is the units digit of 146537?
7
What is the units digit of 294992?
2
What is the millions digit of 4493993?
4
What is the hundreds digit of 2837593?
5
What is the hundreds digit of 130971?
9
What is the units digit of 4480952?
2
What is the ten thousands digit of 5450449?
5
What is the ten thousands digit of 189683?
8
What is the tens digit of 121417?
1
What is the hundred thousands digit of 5988415?
9
What is the units digit of 414078?
8
What is the ten thousands digit of 92008?
9
What is the hundred thousands digit of 379371?
3
What is the hundred thousands digit of 799704?
7
What is the millions digit of 3842661?
3
What is the thousands digit of 3343987?
3
What is the units digit of 76886?
6
What is the thousands digit of 372098?
2
What is the hundreds digit of 3565559?
5
What is the millions digit of 3833738?
3
What is the units digit of 2686949?
9
What is the ten thousands digit of 267430?
6
What is the hundreds digit of 212894?
8
What is the hundreds digit of 154195?
1
What is the thousands digit of 749034?
9
What is the ten thousands digit of 148560?
4
What is the hundred thousands digit of 20608353?
6
What is the tens digit of 901773?
7
What is the tens digit of 29775439?
3
What is the thousands digit of 780497?
0
What is the hundred thousands digit of 8318636?
3
What is the tens digit of 7382211?
1
What is the units digit of 12989474?
4
What is the units digit of 6988959?
9
What is the hundred thousands digit of 220516?
2
What is the hundreds digit of 38435?
4
What is the units digit of 278711?
1
What is the ten thousands digit of 12906284?
0
What is the units digit of 9449948?
8
What is the thousands digit of 2917366?
7
What is the thousands digit of 350333?
0
What is the hundreds digit of 3019847?
8
What is the units digit of 111581?
1
What is the tens digit of 139126?
2
What is the hundreds digit of 668253?
2
What is the hundreds digit of 576107?
1
What is the units digit of 4878993?
3
What is the hundred thousands digit of 5128165?
1
What is the hundred thousands digit of 2883485?
8
What is the hundred thousands digit of 148056?
1
What is the thousands digit of 179264?
9
What is the units digit of 3852377?
7
What is the ten thousands digit of 2919080?
1
What is the millions digit of 4629096?
4
What is the ten millions digit of 22314789?
2
What is the hundred thousands digit of 1319750?
3
What is the hundreds digit of 9403?
4
What is the units digit of 20366370?
0
What is the thousands digit of 7191913?
1
What is the millions digit of 3127758?
3
What is the ten thousands digit of 886352?
8
What is the units digit of 3996942?
2
What is the thousands digit of 11931539?
1
What is the hundred thousands digit of 3777423?
7
What is the hundred thousands digit of 1942453?
9
What is the hundred thousands digit of 739862?
7
What is the tens digit of 1121870?
7
What is the units digit of 8692841?
1
What is the millions digit of 42009272?
2
What is the tens digit of 1714908?
0
What is the ten thousands digit of 772397?
7
What is the hundred thousands digit of 2245877?
2
What is the thousands digit of 2747142?
7
What is the hundred thousands digit of 4232723?
2
What is the units digit of 774486?
6
What is the hundreds digit of 5432795?
7
What is the hundred thousands digit of 1395517?
3
What is the millions digit of 2108805?
2
What is the ten thousands digit of 1023994?
2
What is the hundred thousands digit of 2898443?
8
What is the units digit of 1516982?
2
What is the hundreds digit of 1993036?
0
What is the units digit of 4327294?
4
What is the thousands digit of 65072?
5
What is the units digit of 133304?
4
What is the tens digit of 17396?
9
What is the millions digit of 18081717?
8
What is the hundred thousands digit of 406033?
4
What is the hundred thousands digit of 3159161?
1
What is the hundred thousands digit of 191087?
1
What is the tens digit of 206454?
5
What is the units digit of 2919281?
1
What is the hundreds digit of 345390?
3
What is the tens digit of 310241?
4
What is the hundreds digit of 1857026?
0
What is the tens digit of 1150742?
4
What is the tens digit of 395984?
8
What is the tens digit of 1881157?
5
What is the units digit of 19567038?
8
What is the tens digit of 6162794?
9
What is the ten thousands digit of 220654?
2
What is the thousands digit of 518620?
8
What is the thousands digit of 537439?
7
What is the tens digit of 1627541?
4
What is the ten thousands digit of 172347?
7
What is the tens digit of 1745019?
1
What is the thousands digit of 510437?
0
What is the thousands digit of 645885?
5
What is the ten thousands digit of 1867308?
6
What is the units digit of 1778566?
6
What is the thousands digit of 35750419?
0
What is the hundreds digit of 926191?
1
What is the tens digit of 250951?
5
What is the units digit of 115603?
3
What is the ten thousands digit of 132717?
3
What is the units digit of 407868?
8
What is the ten thousands digit of 15661623?
6
What is the hundred thousands digit of 379814?
3
What is the units digit of 298309?
9
What is the thousands digit of 165980?
5
What is the units digit of 166394?
4
What is the tens digit of 377350?
5
What is the ten thousands digit of 1852002?
5
What is the thousands digit of 331444?
1
What is the hundred thousands digit of 546664?
5
What is the hundreds digit of 493629?
6
What is the ten millions digit of 13324959?
1
What is the thousands digit of 10067?
0
What is the thousands digit of 1352095?
2
What is the hundred thousands digit of 9647650?
6
What is the thousands digit of 8302849?
2
What is the ten thousands digit of 336244?
3
What is the thousands digit of 143893?
3
What is the millions digit of 1905127?
1
What is the ten thousands digit of 50852?
5
What is the hundreds digit of 1289823?
8
What is the thousands digit of 3591750?
1
What is the hundreds digit of 1741927?
9
What is the ten millions digit of 21110195?
2
What is the thousands digit of 830234?
0
What is the ten thousands digit of 208280?
0
What is the tens digit of 704490?
9
What is the millions digit of 9237519?
9
What is the millions digit of 7311671?
7
What is the units digit of 1091253?
3
What is the hundred thousands digit of 313858?
3
What is the ten thousands digit of 254632?
5
What is the thousands digit of 5546075?
6
What is the ten thousands digit of 131178?
3
What is the tens digit of 3266151?
5
What is the hundreds digit of 1460988?
9
What is the tens digit of 6855326?
2
What is the tens digit of 260338?
3
What is the thousands digit of 190773?
0
What is the hundreds digit of 1961319?
3
What is the hundreds digit of 2214883?
8
What is the millions digit of 3543637?
3
What is the units digit of 12809404?
4
What is the hundred thousands digit of 1261204?
2
What is the millions digit of 1188224?
1
